hat are the prime factors of 761240?
2, 5, 19031
List the prime factors of 691253.
389, 1777
List the prime factors of 590853.
3, 37, 5323
What are the prime factors of 14396637?
3, 17, 282287
What are the prime factors of 2501438?
2, 401, 3119
What are the prime factors of 12014043?
3, 4004681
What are the prime factors of 382938?
2, 3, 63823
List the prime factors of 3232328.
2, 11, 23, 1597
What are the prime factors of 5081210?
2, 5, 31, 37, 443
What are the prime factors of 8956629?
3, 11, 53, 569
What are the prime factors of 1474741?
71, 20771
What are the prime factors of 3726671?
13, 439, 653
List the prime factors of 10557619.
10557619
List the prime factors of 191817.
3, 21313
List the prime factors of 204041.
19, 10739
What are the prime factors of 429212?
2, 7, 15329
List the prime factors of 1485538.
2, 151, 4919
List the prime factors of 537831.
3, 7, 8537
What are the prime factors of 317345?
5, 7, 9067
List the prime factors of 150850.
2, 5, 7, 431
What are the prime factors of 1428930?
2, 3, 5, 15877
List the prime factors of 21324167.
419, 50893
List the prime factors of 909688.
2, 13, 8747
List the prime factors of 1016932.
2, 7, 36319
List the prime factors of 4407532.
2, 1101883
List the prime factors of 6443281.
13, 495637
What are the prime factors of 8698218?
2, 3, 971, 1493
What are the prime factors of 251053?
11, 29, 787
What are the prime factors of 20337218?
2, 11, 924419
What are the prime factors of 2971230?
2, 3, 5, 99041
List the prime factors of 5525580.
2, 3, 5, 19, 37, 131
List the prime factors of 11666050.
2, 5, 11, 21211
List the prime factors of 5599253.
11, 509023
List the prime factors of 1489160.
2, 5, 59, 631
What are the prime factors of 436176?
2, 3, 13, 233
List the prime factors of 7644516.
2, 3, 11, 29, 1997
What are the prime factors of 1579970?
2, 5, 7, 22571
What are the prime factors of 424418?
2, 212209
List the prime factors of 4208625.
3, 5, 29, 43
List the prime factors of 12723457.
12723457
What are the prime factors of 6454150?
2, 5, 129083
What are the prime factors of 5674322?
2, 109, 26029
What are the prime factors of 1273375?
5, 61, 167
What are the prime factors of 1715242?
2, 331, 2591
List the prime factors of 327282.
2, 3, 54547
What are the prime factors of 3494749?
3494749
List the prime factors of 357048.
2, 3, 19, 29
List the prime factors of 39126900.
2, 3, 5, 130423
What are the prime factors of 3162961?
31, 102031
What are the prime factors of 62250?
2, 3, 5, 83
List the prime factors of 658514.
2, 329257
What are the prime factors of 260354?
2, 349, 373
What are the prime factors of 743196?
2, 3, 61933
What are the prime factors of 155139?
3, 51713
List the prime factors of 5432688.
2, 3, 31, 1217
What are the prime factors of 43265321?
11, 37, 106303
What are the prime factors of 14249042?
2, 7124521
What are the prime factors of 40989794?
2, 971, 21107
List the prime factors of 2077659.
3, 23, 10037
What are the prime factors of 122599?
122599
What are the prime factors of 6223071?
3, 17, 122021
What are the prime factors of 701767?
11, 131, 487
List the prime factors of 3296286.
2, 3, 7, 26161
List the prime factors of 3252807.
3, 73, 4951
List the prime factors of 5354028.
2, 3, 148723
What are the prime factors of 150556?
2, 7, 19, 283
What are the prime factors of 6210977?
1237, 5021
List the prime factors of 3513789.
3, 390421
What are the prime factors of 993177?
3, 211, 523
List the prime factors of 5125781.
5125781
What are the prime factors of 4403481?
3, 37, 39671
What are the prime factors of 16492010?
2, 5, 29, 37, 53
List the prime factors of 197967.
3, 7, 11, 857
List the prime factors of 201763.
89, 2267
List the prime factors of 884727.
3, 197, 499
List the prime factors of 3560792.
2, 71, 6269
List the prime factors of 209468.
2, 7, 7481
What are the prime factors of 3866468?
2, 966617
What are the prime factors of 3413822?
2, 29, 71, 829
What are the prime factors of 11213754?
2, 3, 31, 60289
What are the prime factors of 2592221?
2592221
List the prime factors of 87162.
2, 3, 73, 199
List the prime factors of 1831604.
2, 31, 14771
List the prime factors of 616217.
7, 47, 1873
What are the prime factors of 2174435?
5, 41, 10607
What are the prime factors of 156896?
2, 4903
What are the prime factors of 5922863?
43, 181, 761
What are the prime factors of 1050780?
2, 3, 5, 83, 211
What are the prime factors of 4304257?
31, 43, 3229
What are the prime factors of 266944?
2, 43, 97
List the prime factors of 1566991.
643, 2437
What are the prime factors of 2026852?
2, 23, 22031
What are the prime factors of 2481915?
3, 5, 17, 9733
List the prime factors of 331392.
2, 3, 863
List the prime factors of 823495.
5, 109, 1511
List the prime factors of 12123.
3, 449
What are the prime factors of 11930141?
17, 53, 13241
List the prime factors of 8514003.
3, 47, 60383
What are the prime factors of 977185?
5, 11, 109, 163
What are the prime factors of 4377606?
2, 3, 729601
What are the prime factors of 5398366?
2, 2699183
What are the prime factors of 420905?
5, 84181
List the prime factors of 1654390.
2, 5, 23, 7193
List the prime factors of 343569.
3, 71, 1613
List the prime factors of 11290712.
2, 19, 59, 1259
List the prime factors of 141564.
2, 3, 47, 251
List the prime factors of 2442918.
2, 3, 407153
What are the prime factors of 6636525?
3, 5, 7, 12641
List the prime factors of 4221185.
5, 17, 53, 937
What are the prime factors of 208203?
3, 69401
What are the prime factors of 1063791?
3, 19, 6221
What are the prime factors of 997715?
5, 383, 521
What are the prime factors of 5044056?
2, 3, 210169
What are the prime factors of 3395735?
5, 7, 97021
What are the prime factors of 747850?
2, 5, 14957
What are the prime factors of 1658471?
1658471
What are the prime factors of 189716?
2, 43, 1103
What are the prime factors of 7284671?
37, 47, 59, 71
List the prime factors of 473235.
3, 5, 7, 4507
List the prime factors of 24605.
5, 7, 19, 37
List the prime factors of 238148.
2, 29, 2053
What are the prime factors of 72892?
2, 18223
List the prime factors of 3446235.
3, 5, 13, 43, 137
List the prime factors of 120421.
7, 17203
List the prime factors of 625810.
2, 5, 62581
What are the prime factors of 4560755?
5, 487, 1873
List the prime factors of 10573176.
2, 3, 440549
List the prime factors of 36987997.
36987997
What are the prime factors of 32274?
2, 3, 11, 163
What are the prime factors of 1223575?
5, 17, 2879
What are the prime factors of 4652340?
2, 3, 5, 7, 11, 19, 53
List the prime factors of 1352390.
2, 5, 13, 101, 103
What are the prime factors of 3932009?
31, 126839
What are the prime factors of 39540552?
2, 3, 1647523
List the prime factors of 1519797.
3, 506599
List the prime factors of 10824585.
3, 5, 19, 1999
What are the prime factors of 18220071?
3, 23, 264059
What are the prime factors of 472329?
3, 11, 13, 367
List the prime factors of 1690447.
11, 239, 643
What are the prime factors of 10078830?
2, 3, 5, 23, 541
What are the prime factors of 3891837?
3, 1297279
What are the prime factors of 1980?
2, 3, 5, 11
List the prime factors of 1194345.
3, 5, 983
List the prime factors of 1667062.
2, 53, 15727
What are the prime factors of 1459983?
3, 7, 37, 1879
What are the prime factors of 353127?
3, 117709
List the prime factors of 57717.
3, 11, 53
What are the prime factors of 287519?
317, 907
What are the prime factors of 83403?
3, 3089
List the prime factors of 1413260.
2, 5, 70663
List the prime factors of 2860904.
2, 357613
What are the prime factors of 2737582?
2, 1368791
List the prime factors of 333115.
5, 17, 3919
What are the prime factors of 2145944?
2, 17, 31, 509
List the prime factors of 711188.
2, 177797
List the prime factors of 179935.
5, 7, 53, 97
List the prime factors of 223515.
3, 5, 4967
What are the prime factors of 406933?
229, 1777
List the prime factors of 2312041.
103, 22447
What are the prime factors of 16482184?
2, 2060273
List the prime factors of 5465.
5, 1093
List the prime factors of 832077.
3, 59, 1567
What are the prime factors of 3133797?
3, 17, 43, 1429
List the prime factors of 468194.
2, 131, 1787
List the prime factors of 554479.
647, 857
List the prime factors of 18379.
18379
What are the prime factors 